2020211121101
In base 4, what is 13 - -1011032313233?
1011032313312
In base 9, what is 3 + 538027763?
538027766
In base 14, what is 4 - 1217a55?
-1217a51
In base 6, what is 5540 - -311433?
321413
In base 5, what is -4401 + -44420?
-104321
In base 3, what is -21010221121221 + -1?
-21010221121222
In base 2, what is -1100001100010010111 - -100011?
-1100001100001110100
In base 15, what is 1e + -8e?
-70
In base 6, what is -2 - 23015533?
-23015535
In base 9, what is -1 + 2082383?
2082382
In base 12, what is -2 + 747958?
747956
In base 11, what is -151446 + 2862?
-149694
In base 3, what is -1 + 100101100110?
100101100102
In base 7, what is -65001 - -2162?
-62506
In base 6, what is -12500 - -2212504?
2200004
In base 7, what is 636464434 + 6?
636464443
In base 16, what is -2 - -fac3f?
fac3d
In base 6, what is -34311 + -15405?
-54120
In base 9, what is 3 + 4210831?
4210834
In base 3, what is -12222001111020 - 1011?
-12222001112101
In base 11, what is 209 + 9392?
95a0
In base 5, what is 102220030 - -4?
102220034
In base 13, what is -165a - 186a8?
-1a035
In base 11, what is -1a - 303872a?
-3038749
In base 3, what is 210012102 - -1001110?
211020212
In base 15, what is 2501 + 887?
2d88
In base 9, what is 3 - -115038003?
115038006
In base 10, what is 19943212 + -1?
19943211
In base 9, what is 2615601 + 22?
2615623
In base 12, what is 48164 + 1a3?
48347
In base 16, what is 38cde4 - -2?
38cde6
In base 11, what is -3 + -215a70a?
-215a712
In base 2, what is -10110 + 1010010011010000?
1010010010111010
In base 6, what is -4404121232 - 1?
-4404121233
In base 8, what is 26201 - 14123?
12056
In base 3, what is 1202212211022 - 1010?
1202212210012
In base 4, what is 0 + 1110312013311?
1110312013311
In base 7, what is 1213 + 10602?
12115
In base 14, what is 31598502 - 3?
315984dd
In base 15, what is -4 + 6701044?
6701040
In base 11, what is -4 + 6a36062?
6a36059
In base 10, what is 93909538 - 1?
93909537
In base 3, what is 11 + -2021200002020000?
-2021200002012212
In base 8, what is -3735777 - 32?
-3736031
In base 9, what is 770540 + -4?
770535
In base 15, what is -116922e + -d?
-116923c
In base 15, what is 61d35e - 10b?
61d253
In base 12, what is 2 + 616a18?
616a1a
In base 11, what is 63 + -40120?
-40068
In base 6, what is -532155 - -10045?
-522110
In base 7, what is 3 - -101331520?
101331523
In base 16, what is 7cef99 + 1?
7cef9a
In base 6, what is 5130143 - -14?
5130201
In base 16, what is 2 + -140ad3?
-140ad1
In base 15, what is aec7 + 11a?
b0e2
In base 5, what is -413201 + 204421?
-203230
In base 5, what is 410200331 - -4?
410200340
In base 11, what is -2565 - -3947?
1392
In base 8, what is 3162773361 - 3?
3162773356
In base 16, what is 4bb + -4f50c?
-4f051
In base 13, what is -50 + 8bb17?
8ba97
In base 13, what is 9 - -1103732?
110373b
In base 14, what is -3 - 25403cd5?
-25403cd8
In base 14, what is 13 + -233a03?
-2339d0
In base 13, what is 5a1 - -a918?
b1b9
In base 13, what is 4 - -29370706?
2937070a
In base 4, what is -12102 - -101000032?
100321330
In base 12, what is a6 + -163a222?
-163a138
In base 6, what is 31 + -3345305?
-3345234
In base 11, what is -232147 + -832?
-232979
In base 9, what is -686 + -824686?
-825483
In base 4, what is 12 + -12233111003?
-12233110331
In base 3, what is 10121202220001 + 1102?
10121202221110
In base 11, what is 0 - -2085aa83?
2085aa83
In base 12, what is 1352 + -327?
1027
In base 8, what is -4 - 135155042?
-135155046
In base 10, what is -4500 + -23235?
-27735
In base 13, what is -2 - 6260ca?
-6260cc
In base 2, what is 10 - 11011110101101011011011?
-11011110101101011011001
In base 11, what is 3188 - -1378?
4555
In base 3, what is -101 + -1100102201001121?
-1100102201001222
In base 2, what is -10010000010010110 + -1011010001011?
-10011011100100001
In base 13, what is 479 + -197c8?
-1934c
In base 10, what is 827256 + 12?
827268
In base 13, what is 71cb66 - 163?
71ca03
In base 8, what is -10077725 + -1?
-10077726
In base 16, what is -3b295 + 116?
-3b17f
In base 6, what is 134354 - 4023?
130331
In base 16, what is c39 - 469?
7d0
In base 13, what is -2a22 + -4ca1?
-79c3
In base 15, what is -6ce6a + 51a?
-6c950
In base 13, what is -3 - 43a546?
-43a549
In base 12, what is -4110a13b - -4?
-4110a137
In base 5, what is 400212 - -2313242?
3214004
In base 15, what is -aaa + -101b?
-1ac6
In base 2, what is -1000110101 + 100110100111011?
100101100000110
In base 13, what is 5144 - 7547?
-2403
In base 3, what is -210021121101 - 0?
-210021121101
In base 5, what is 4 - 401421402320?
-401421402311
In base 11, what is -2 - 8545738?
-854573a
In base 16, what is 149747 + -24?
149723
In base 16, what is -68 - 8639?
-86a1
In base 2, what is 1010 + -11001010111001100010111111?
-11001010111001100010110101
In base 7, what is 1136 + -1214334?
-1213165
In base 16, what is 78340 + -5e6?
77d5a
In base 7, what is 621 - -2004?
2625
In base 13, what is -59 - -8543?
84b7
In base 9, what is 22666733 + 1?
22666734
In base 2, what is -11010 + -10011011010000100100?
-10011011010000111110
In base 4, what is 23110 - -103333010?
110022120
In base 6, what is 41145 + -543404?
-502215
In base 13, what is -2ba9803 + 1?
-2ba9802
In base 11, what is -21aa5 + 82?
-21a23
In base 9, what is 1326726 - -234?
1327061
In base 4, what is -322123 + -23103011?
-30031200
In base 3, what is 20120201221122201 + -1?
20120201221122200
In base 2, what is 10 + 110000100110011010110100001?
110000100110011010110100011
In base 8, what is 443 - -4572420?
4573063
In base 12, what is 353 + -598729?
-598396
In base 5, what is 4200341 - 4033?
4141303
In base 3, what is 1211020 + 12112122211?
12121111001
In base 12, what is -2734b42 - 20?
-2734b62
In base 8, what is 0 - -234263141?
234263141
In base 13, what is 35 - c90a?
-c8a5
In base 10, what is 4126 - 14995?
-10869
In base 5, what is -130112343 + -3410?
-130121303
In base 13, what is -a7 + aa5?
9cb
In base 15, what is -1 + 1dd9d3e5?
1dd9d3e4
In base 12, what is -35800a7 - -5?
-35800a2
In base 14, what is -71 + -1d43c?
-1d4ad
In base 9, what is -3 + 2301638?
2301635
In base 12, what is -131 - 139ba6?
-13a117
In base 2, what is 1000000 + -100010101010001000010?
-100010101010000000010
In base 11, what is 221416 - -a?
221425
In base 7, what is -11032046663 - -2?
-11032046661
In base 11, what is 0 - 113166?
-113166
In base 16, what is d - -5080a?
50817
In base 16, what is -1dacd6a - 0?
-1dacd6a
In base 7, what is 4 + -30606130?
-30606123
In base 13, what is -7 + 2282742?
2282738
In base 15, what is -7 - -553058?
553051
In base 3, what is -1220102112 - -1122?
-1220100220
In base 2, what is 100 - -1001010001010100001011111?
1001010001010100001100011
In base 4, what is 112310011120 - 1?
112310011113
In base 13, what is -2cc - -10a22?
10723
In base 12, what is -3a256 - -11?
-3a245
In base 3, what is -12 + 12222111011210100?
12222111011210011
In base 15, what is 42c369 + 1?
42c36a
In base 3, what is 221 - 1212020111201?
-1212020110210
In base 12, what is 289 + 342940?
343009
In base 5, what is -44001302 + -341?
-44002143
In base 8, what is 27 + -36700526?
-36700477
In base 9, what is -306743 - 18?
-306762
In base 15, what is -2da9 - 2d9?
-3193
In base 14, what is -45dd4 - -216?
-45bbc
In base 4, what is 33112130 - 1011300?
32100230
In base 8, what is 644665 - -6?
644673
In base 2, what is -1000111111 + -1000011001110100?
-1000100010110011
In base 3, what is 10020001101 - 1020221021?
1222010010
In base 3, what is -10 + 110022201210222?
110022201210212
In base 9, what is 250 - 10066?
-8716
In base 4, what is -321023302 - -100031?
-320323211
In base 10, what is -463 + -347288?
-347751
In base 5, what is -304044 - -3130?
-300414
In base 6, what is -1141451 - 454?
-1142345
In base 5, what is -42413212 - 32?
-42413244
In base 13, what is -30 - 20458b?
-2045bb
In base 6, what is 442053 + -244?
441405
In base 15, what is e4205c + 5?
e42062
In base 6, what is 5 + -224241223?
-224241214
In base 16, what is -1 + 177c8bc?
177c8bb
In base 15, what is -e9c3 - -2c?
-e996
In base 8, what is 341 - -344436?
344777
In base 9, what is -3 - -3020003?
3020000
In base 16, what is 151e + 17a3?
2cc1
In base 4, what is -10 + -12103202310?
-12103202320
In base 2, what is -110010000111000010 + 101110000?
-110010000001010010
In base 5, what is 42 + 2141443201?
2141443243
In base 12,